greatest common divisor of 97198331 and 123?
41
Calculate the highest common divisor of 10823120 and 103390.
490
What is the highest common factor of 1620 and 38679255?
135
Calculate the greatest common factor of 69 and 111938746.
23
What is the greatest common factor of 10142693 and 38544?
803
What is the greatest common divisor of 1350 and 78713500?
50
What is the greatest common factor of 516 and 945466413?
129
What is the highest common divisor of 666422 and 1749?
53
Calculate the greatest common divisor of 17 and 1027283701.
17
What is the greatest common divisor of 1673126 and 231101?
377
What is the greatest common factor of 9811320 and 7080?
120
What is the highest common factor of 160 and 48514360?
40
Calculate the highest common divisor of 147818198 and 7986.
2662
Calculate the highest common factor of 1424 and 139879876.
356
Calculate the highest common factor of 40359 and 171006.
33
Calculate the greatest common divisor of 2099838 and 7878.
78
What is the highest common factor of 1322067 and 646493?
2237
What is the highest common divisor of 29601971 and 7?
7
Calculate the greatest common divisor of 128 and 23347096.
8
Calculate the highest common divisor of 122262189 and 5473.
421
Calculate the greatest common factor of 128 and 317434624.
128
Calculate the highest common divisor of 90691172 and 1716.
572
What is the highest common divisor of 250954 and 13420?
1342
Calculate the greatest common factor of 1883 and 37865247.
1883
Calculate the highest common divisor of 7950 and 5413102.
106
What is the highest common divisor of 111848 and 107789?
451
Calculate the highest common divisor of 41483925 and 20475.
1575
What is the greatest common divisor of 3879 and 1184819?
431
What is the highest common divisor of 8073 and 7088991?
897
What is the highest common factor of 262 and 35448?
2
Calculate the greatest common factor of 8 and 2399249.
1
Calculate the highest common factor of 43646 and 2677696.
278
Calculate the highest common factor of 2837716 and 63.
7
What is the greatest common divisor of 74692069 and 201?
67
Calculate the highest common divisor of 20401128 and 1584.
792
Calculate the highest common divisor of 416552 and 8.
8
Calculate the greatest common factor of 23514 and 41802.
6
What is the greatest common divisor of 227186 and 13027942?
7834
What is the highest common factor of 7494620 and 2420?
20
Calculate the greatest common divisor of 21213 and 8109.
9
Calculate the highest common factor of 4254 and 36045560.
1418
What is the highest common factor of 71995 and 359?
1
What is the greatest common factor of 211172490 and 810?
90
What is the highest common divisor of 11371431 and 355?
71
What is the greatest common divisor of 1125 and 1760463?
9
What is the greatest common divisor of 332 and 16022652?
332
What is the highest common divisor of 9088350 and 1065?
15
Calculate the highest common factor of 614582 and 865798.
4486
What is the greatest common divisor of 4922866 and 87?
29
What is the highest common factor of 14094 and 4779?
81
What is the highest common divisor of 87 and 33811129?
29
What is the highest common factor of 253128969 and 62856?
7857
What is the greatest common divisor of 33496 and 2551621?
79
What is the highest common factor of 1909 and 55181969?
83
What is the highest common factor of 35280 and 44037?
63
Calculate the greatest common factor of 31174 and 18217606.
2398
Calculate the highest common factor of 2254 and 38128664.
2254
What is the highest common divisor of 3315 and 8528325?
195
What is the highest common divisor of 64633355 and 20?
5
Calculate the highest common divisor of 10208 and 7727137.
319
What is the greatest common divisor of 12215 and 466060?
35
Calculate the greatest common factor of 12482 and 3328902.
158
Calculate the greatest common divisor of 672 and 75102720.
672
Calculate the highest common factor of 11 and 32000177.
11
What is the highest common divisor of 13138796 and 23?
23
Calculate the greatest common divisor of 3474 and 563892732.
3474
Calculate the highest common factor of 158775 and 8145.
15
Calculate the highest common factor of 238487 and 21413.
23
Calculate the greatest common divisor of 24 and 1967612.
4
Calculate the highest common factor of 344 and 12349471.
43
Calculate the highest common factor of 24 and 32073.
3
What is the highest common divisor of 15566 and 6814469?
181
What is the highest common factor of 3101 and 203375984?
3101
What is the highest common factor of 1812 and 83177142?
906
Calculate the greatest common divisor of 1111006015 and 595.
595
What is the highest common divisor of 194942 and 206186609?
8861
What is the highest common factor of 291 and 586947?
291
What is the greatest common divisor of 11332426 and 49?
49
Calculate the greatest common divisor of 344 and 663192.
8
What is the greatest common divisor of 3852 and 21096976?
428
Calculate the highest common divisor of 28532500 and 9292.
404
Calculate the greatest common factor of 38 and 381316073.
19
What is the greatest common divisor of 266 and 1707496?
14
What is the highest common factor of 14685 and 160623?
3
What is the highest common factor of 17981 and 1084?
1
Calculate the greatest common factor of 5131 and 241459729.
5131
What is the highest common divisor of 821979793 and 4132?
1033
What is the highest common divisor of 359232126 and 3762?
1254
Calculate the highest common divisor of 29340 and 240264.
36
What is the highest common divisor of 2196436 and 1276?
44
Calculate the greatest common divisor of 10464 and 182139.
327
What is the greatest common factor of 15 and 56662500?
15
Calculate the greatest common divisor of 224055698 and 424.
106
Calculate the highest common divisor of 335 and 37295.
5
What is the highest common divisor of 17789390 and 13280?
830
Calculate the highest common factor of 1224 and 7573449.
51
What is the highest common factor of 72787 and 626070?
509
What is the greatest common divisor of 2091 and 17769318?
2091
What is the highest common factor of 1512597159 and 9?
9
Calculate the highest common factor of 113928 and 659328.
2424
Calculate the highest common divisor of 5927752 and 192.
8
What is the highest common divisor of 154 and 20514494?
154
What is the highest common factor of 160639916 and 516?
172
Calculate the highest common factor of 14845030 and 635.
635
Calculate the greatest common factor of 171319708 and 84.
28
What is the highest common divisor of 495793 and 142?
71
What is the highest common factor of 120 and 27222375?
15
What is the greatest common divisor of 3643266 and 2343?
33
Calculate the highest common factor of 2680 and 2427812.
268
Calculate the highest common divisor of 138 and 1132482.
6
Calculate the greatest common factor of 39 and 628043.
13
Calculate the greatest common divisor of 1906984 and 8.
8
Calculate the greatest common factor of 32 and 2422436.
4
What is the highest common divisor of 2588180 and 26271?
973
What is the greatest common factor of 15564 and 22980?
12
Calculate the highest common divisor of 352318252 and 1144.
572
Calculate the highest common divisor of 5985 and 9092160.
315
Calculate the greatest common factor of 296 and 39551039.
37
Calculate the greatest common factor of 4330192 and 491236.
508
Calculate the greatest common divisor of 825 and 600195.
15
What is the greatest common factor of 1959537 and 4076?
1019
Calculate the highest common divisor of 807838 and 3834.
142
What is the highest common divisor of 85 and 22062277?
17
Calculate the greatest common factor of 6821 and 5318518.
19
Calculate the greatest common divisor of 556 and 119957.
139
Calculate the highest common factor of 95248164 and 264.
132
Calculate the highest common divisor of 31248 and 9387.
63
Calculate the greatest common factor of 3872 and 131077848.
968
Calculate the highest common factor of 2688354 and 1134477.
2097
Calculate the highest common divisor of 54926 and 1280002.
58
Calculate the greatest common divisor of 2974 and 174802798.
2974
What is the highest common divisor of 6 and 12819489?
3
Calculate the greatest common divisor of 2650870 and 22420.
590
Calculate the greatest common divisor of 199388 and 14336.
28
What is the greatest common divisor of 4870 and 14785?
5
Calculate the greatest common d